s the highest common divisor of k and 209?
19
Let p(s) be the second derivative of 2/3*s**4 - 1/20*s**5 - 3*s + 5/3*s**3 + 2*s**2 + 0. Let b be p(8). What is the highest common divisor of 56 and b?
28
Let j(s) = -22*s - 25. Let t be j(-10). Suppose -t = -5*x + 2*x. Calculate the highest common factor of 5 and x.
5
Let b(q) = -q**3 - 32*q**2 + 15*q - 533. Let m be b(-33). What is the highest common factor of m and 976?
61
Suppose -5*i = 2*v - 16, -5*i + 2*v + 7 = v. Suppose 0 = i*p + 8, 5*j = -0*p + p + 129. Calculate the highest common divisor of j and 50.
25
Let k = -12 - -18. Calculate the greatest common factor of k and 6.
6
Suppose -36*f - 280 = -43*f. Calculate the greatest common divisor of f and 1240.
40
Suppose -j = -2*r + 140, -r - j - 212 = -4*r. Suppose -2*p = -p - r. Calculate the greatest common divisor of 48 and p.
24
Let c(k) = -k**3 + 4*k**2 - 3*k + 4. Let t be c(3). Suppose 10 = -t*x + 82. Suppose -105 = -23*j + x*j. What is the highest common divisor of j and 21?
21
Let n(s) = 3*s**3 - 5*s**2 + 3*s + 3. Let x be n(3). Let l(h) = h**2 + 5*h - 12. Let i be l(-9). What is the greatest common divisor of i and x?
24
Let l(f) = -f + 130. Let g be l(0). Let s(a) = 2*a**2 + 10*a - 2. Let v be s(8). Let i be v/(-16)*-2 - 37/(-148). What is the greatest common factor of i and g?
26
Let b be (2/10)/((-12)/(-300)). Suppose 31 = 6*m - b. Suppose 2*i - 2*q - 94 = 0, 0*q = -5*i + 2*q + 220. Calculate the greatest common factor of m and i.
6
Let x = 1 + 11. Let r be x/8*1020/9. Suppose 40 = f - m, r = -0*f + 4*f + m. What is the greatest common factor of f and 105?
21
Let y(i) = 40*i**2 - 19*i - 37. Let x be y(-2). Let z(v) = 34*v**2 - v. Let t be z(-1). Let r = -12 + t. Calculate the highest common factor of r and x.
23
Let h(f) = 2*f + 6. Let o be h(-4). Let l be (-3)/(-12)*(-2 + o). Let p be (-19 + (-2 - -4))/l. Calculate the highest common factor of p and 187.
17
Let n be 7570/40 + (-1)/4. Let c be 0/(5/(-10)*2). Suppose 80 = 4*l + 4*m, -2*l + m + 43 = -c*l. Calculate the highest common divisor of n and l.
21
Suppose 276 = 4*x + 5*r - 74, -4*x - 2*r + 344 = 0. What is the greatest common factor of 5 and x?
5
Let k(p) = -p**2 - 6*p - 4. Let r be k(-2). Suppose n = 5*t - 88 - 676, -r*t + 2*n = -616. Calculate the highest common divisor of 8 and t.
8
Suppose 0 = -4*r - 4*w + 28, -5*r = 2*w - 14 - 30. What is the highest common factor of 65 and r?
5
Let h(f) = -2*f - 10. Let l be h(-5). Let g be (l - -1)/(24/96). Let u be g/(-6)*594/(-12). Calculate the greatest common divisor of 22 and u.
11
Let k = -11 + 13. Suppose k*v + 9 = 31. Let z(i) = -i + 19. Let f be z(v). Calculate the greatest common divisor of f and 4.
4
Suppose 16 = 2*v + 6. Suppose 3*l + v*y - 120 = 0, -3*y - 33 = -l + 7. What is the highest common divisor of l and 5?
5
Suppose 0 = 6*o - 5*o - 126. Let m be (o/45)/(1/15). Calculate the highest common factor of m and 2.
2
Suppose 7*j - 5*j = 34. Let n = 10 - 6. Suppose n*o - 94 = -2*p, o - 100 = -3*p + p. What is the highest common divisor of p and j?
17
Let a be 4/6 - (0 + (-19)/3). Let k(l) = l**2 - 8*l + 13. Let n be k(a). Calculate the highest common factor of 6 and n.
6
Let d be (33 + -63)/(4/(-2 - 2)). What is the highest common factor of d and 198?
6
Suppose -55 = -7*r + 2*r. Suppose -4*a - 5*b + 27 + r = 0, -3*a = 4*b - 28. Calculate the highest common factor of 12 and a.
12
Let r be 0 - 3 - (-12 + 2). What is the highest common divisor of 413 and r?
7
Let f be (6 - 7) + -1 + 86. Suppose -3*i + 6 = f. Let v be 1/3 + i/(-3). Calculate the greatest common factor of v and 63.
9
Suppose -52 = -11*u + 113. Suppose -5*z - 2*w - w = -28, 20 = z - 3*w. Let r = u - z. What is the highest common factor of 21 and r?
7
Let h = 1011 - 991. What is the highest common factor of 980 and h?
20
Let d be (-8)/72 + 196/(-18). Let v = -2 - d. Calculate the highest common divisor of v and 27.
9
Let j = -32 + 15. Let k = j + 19. What is the highest common divisor of 4 and k?
2
Suppose 3*o + 2*v = 289, 2*o + 17*v - 21*v - 166 = 0. Calculate the greatest common factor of o and 9.
3
Let i be ((-6)/8)/((-6)/(-6576)). Let m = i - -1207. Calculate the highest common factor of 35 and m.
35
Suppose 0 = -v - 8*v + 1485. Let i be (-16)/20*v/(-2). Calculate the greatest common factor of 6 and i.
6
Let x(k) = -15 + 0*k + 7 - 8 + 11*k. Let g be x(2). What is the greatest common factor of g and 6?
6
Let a = 19 + -49. Let i be a*5/(-6)*(-30)/(-75). Calculate the highest common factor of i and 20.
10
Suppose -7*o - 12*o + 1520 = 0. What is the greatest common divisor of o and 20?
20
Suppose -4*d + 9 = -3*d. Let i be 60/12*(-42)/(-10). Let f = i - 12. Calculate the highest common factor of f and d.
9
Suppose 0 = 4*x - 33 - 11. Let v be 2/x - (-90)/(-11). Let a be 16*-6*4/v. What is the greatest common divisor of a and 12?
12
Suppose 0 = 4*m - 0*m - 104. Let o = -120 + 185. Suppose 0 = 4*n + n - o. What is the highest common divisor of m and n?
13
Let o(p) be the second derivative of -p**5/20 - p**4/3 + 4*p**3/3 - 7*p**2 + 25*p. Let b be o(-7). Calculate the greatest common divisor of 11 and b.
11
Let z(x) = -x**2 + 4*x + 38. Let g be z(-4). Let y be (-24)/(1/(-2) + -1). Let i be y/24 - (-200)/g. Calculate the highest common factor of i and 17.
17
Let c = 162 - 67. Let d be -2 + -3*c/(-5). Calculate the highest common factor of 11 and d.
11
Let x be 7248/88 + 16/(-44). What is the highest common divisor of x and 738?
82
Suppose 6*i + 724 = 742. What is the greatest common factor of 414 and i?
3
Let n be 38*1/((-2 - -6)/4). Let f be n - 5 - (-2 + 1 + -1). What is the greatest common divisor of 7 and f?
7
Suppose x = 3*x - 4, -5*x - 394 = -2*m. Suppose -m + 37 = -3*d. Suppose d + 33 = 4*h. Calculate the highest common factor of h and 198.
22
Let q(h) = -2*h**2 + 32*h - 20. Let c be q(14). Calculate the greatest common divisor of c and 558.
18
Let t(h) = 22*h + 132. Let a be t(-5). Calculate the highest common factor of 33 and a.
11
Suppose 152*z - 166*z + 1666 = 0. Let t(y) = -y**2 - 5*y + 7. Let o be t(-5). Calculate the greatest common factor of o and z.
7
Let q be (-3*(-3)/18)/((-4)/(-160)). Calculate the greatest common factor of 16 and q.
4
Let c = -50 + 102. Let a be 1*(-2)/(-2) - -1. Suppose -3*l + 48 = a*l - 3*h, -4*l - h + c = 0. What is the greatest common divisor of l and 4?
4
Suppose 4*y - 14 = 3*h - 84, 0 = -3*y + 15. Calculate the greatest common divisor of 90 and h.
30
Suppose -4*n = -6 - 10. Suppose -3*f - n*s + 88 = 0, -4*s - 16 = -8*s. Suppose -h = -2*u, -5*h - 4*u + 60 = u. What is the greatest common factor of h and f?
8
Let t(p) be the first derivative of p**2/2 + p - 3. Let h(x) = 9. Let s(d) = -h(d) + t(d). Let i be s(9). What is the greatest common divisor of 1 and i?
1
Let p = 7 + -53. Let w = p - -64. Let y be (8/10)/((-4)/(-30)). What is the greatest common factor of y and w?
6
Let j be 9/(-12)*4 + (4 - 0). Calculate the highest common factor of j and 257.
1
Let a = 66 - -27. Let l(d) = d**2 + 6*d - 9. Let p be l(4). Calculate the greatest common divisor of p and a.
31
Let a be 1316/(-94)*1/(-2). Let g = -14 - -35. Calculate the highest common divisor of a and g.
7
Let m(t) be the first derivative of -3*t**2/2 - 10*t - 3. Let h be m(-8). Calculate the highest common factor of 56 and h.
14
Suppose -4*u + 837 = -s, -3*u + s + 13 + 616 = 0. Calculate the greatest common factor of u and 72.
8
Let w(p) = -p**2 - 17*p + 21. Suppose -m = -4, -2*v + 4*v = -5*m. Let h be w(v). Calculate the greatest common factor of 14 and h.
7
Suppose -5*m = -0*t - 3*t + 25, -2*m = 3*t + 10. Suppose t = 4*l + 3 - 31. Let r = -128 - -205. What is the highest common factor of l and r?
7
Let q(g) = 18*g - 41. Let b be q(12). Calculate the greatest common divisor of b and 35.
35
Suppose 3*o - 10*o - 497 = 0. Let a = 81 + o. Let v = 7 + 3. What is the greatest common divisor of v and a?
10
Suppose -f + 517 = 5*q, -6*q + 3*q + 517 = f. What is the greatest common divisor of 47 and f?
47
Let u be ((-10)/(-60))/(2/132). Suppose 0 = -2*d - 2*d + 440. What is the greatest common factor of u and d?
11
Suppose -5*q + r = -2*q - 670, -q = -5*r - 242. Calculate the greatest common divisor of q and 74.
74
Let s = -343 - -406. Suppose -2*a = 34 - 118. Calculate the highe